{"id":18,"date":"2025-11-12T16:56:04","date_gmt":"2025-11-12T19:56:04","guid":{"rendered":"https:\/\/visiteprados.com.br\/hospital\/?page_id=18"},"modified":"2026-03-31T14:08:36","modified_gmt":"2026-03-31T17:08:36","slug":"noticias","status":"publish","type":"page","link":"https:\/\/visiteprados.com.br\/hospital\/noticias\/","title":{"rendered":"Not\u00edcias"},"content":{"rendered":"\t\t<div data-elementor-type=\"wp-page\" data-elementor-id=\"18\" class=\"elementor elementor-18\">\n\t\t\t\t<div class=\"elementor-element elementor-element-6301ce3 e-flex e-con-boxed wpr-particle-no wpr-jarallax-no wpr-parallax-no wpr-sticky-section-no e-con e-parent\" data-id=\"6301ce3\" data-element_type=\"container\">\n\t\t\t\t\t<div class=\"e-con-inner\">\n\t\t\t\t<div class=\"elementor-element elementor-element-4524930 elementor-widget elementor-widget-heading\" data-id=\"4524930\" data-element_type=\"widget\" data-widget_type=\"heading.default\">\n\t\t\t\t\t<h2 class=\"elementor-heading-title elementor-size-default\">Not\u00edcias<\/h2>\t\t\t\t<\/div>\n\t\t\t\t<div class=\"elementor-element elementor-element-0f16a5e noti-ler elementor-widget elementor-widget-text-editor\" data-id=\"0f16a5e\" data-element_type=\"widget\" data-widget_type=\"text-editor.default\">\n\t\t\t\t\t\t\t\t\t<div class=\"noticia col-md-4 float-left\"><div class=\"ultimas-noticias\"><div class=\"noti-imagem\"><img fetchpriority=\"high\" decoding=\"async\" width=\"560\" height=\"350\" src=\"https:\/\/visiteprados.com.br\/hospital\/wp-content\/uploads\/2026\/03\/Frame-3-560x350.webp\" class=\"attachment-homepage-thumb size-homepage-thumb wp-post-image\" alt=\"\" \/><\/div><div class=\"noti-conteudo\"><div class=\"noti-titulo\"><h3><a class=\"noti-ler\" href=\"https:\/\/visiteprados.com.br\/hospital\/2026\/03\/10\/teste-6\/\">Mem\u00f3rias da Irm\u00e3 Serafina<\/a><\/h3><\/div><div class=\"noti-resumo\"><p>Os primeiros anos do Hospital Nossa Senhora do Ros\u00e1rio Em 1954, as Filhas de S\u00e3o<\/p>\n<\/div><a class=\"noti-ler\" href=\"https:\/\/visiteprados.com.br\/hospital\/2026\/03\/10\/teste-6\/\">Continuar lendo<\/a><\/div><\/div><\/div><div class=\"noticia col-md-4 float-left\"><div class=\"ultimas-noticias\"><div class=\"noti-imagem\"><img decoding=\"async\" width=\"560\" height=\"350\" src=\"https:\/\/visiteprados.com.br\/hospital\/wp-content\/uploads\/2026\/03\/Frame-3-1-560x350.webp\" class=\"attachment-homepage-thumb size-homepage-thumb wp-post-image\" alt=\"\" \/><\/div><div class=\"noti-conteudo\"><div class=\"noti-titulo\"><h3><a class=\"noti-ler\" href=\"https:\/\/visiteprados.com.br\/hospital\/2026\/03\/10\/teste-5\/\">Agora disponibilizamos exames de Raio-X<\/a><\/h3><\/div><div class=\"noti-resumo\"><p>O Hospital disponibiliza exames de Raio-X com qualidade t\u00e9cnica, seguran\u00e7a e confiabilidade, realizados por equipe<\/p>\n<\/div><a class=\"noti-ler\" href=\"https:\/\/visiteprados.com.br\/hospital\/2026\/03\/10\/teste-5\/\">Continuar lendo<\/a><\/div><\/div><\/div><div class=\"noticia col-md-4 float-left\"><div class=\"ultimas-noticias\"><div class=\"noti-imagem\"><img decoding=\"async\" width=\"560\" height=\"350\" src=\"https:\/\/visiteprados.com.br\/hospital\/wp-content\/uploads\/2026\/03\/Frame-3-2-560x350.webp\" class=\"attachment-homepage-thumb size-homepage-thumb wp-post-image\" alt=\"\" \/><\/div><div class=\"noti-conteudo\"><div class=\"noti-titulo\"><h3><a class=\"noti-ler\" href=\"https:\/\/visiteprados.com.br\/hospital\/2026\/03\/10\/teste-4\/\">Leil\u00e3o em prol do Hospital Nossa Senhora do Ros\u00e1rio e do Lar S\u00e3o Camilo de L\u00e9lis!<\/a><\/h3><\/div><div class=\"noti-resumo\"><p>No \u00faltimo domingo, dia 26, \u00e0s 12h, realizou-se no Parque de Exposi\u00e7\u00f5es o leil\u00e3o em<\/p>\n<\/div><a class=\"noti-ler\" href=\"https:\/\/visiteprados.com.br\/hospital\/2026\/03\/10\/teste-4\/\">Continuar lendo<\/a><\/div><\/div><\/div>\t\t\t\t\t\t\t\t<\/div>\n\t\t\t\t\t<\/div>\n\t\t\t\t<\/div>\n\t\t\t\t<\/div>\n\t\t\n    <div class=\"xs_social_share_widget xs_share_url after_content \t\tmain_content  wslu-style-1 wslu-share-box-shaped wslu-fill-colored wslu-none wslu-share-horizontal wslu-theme-font-no wslu-main_content\">\n\n\t\t\n        <ul>\n\t\t\t        <\/ul>\n    <\/div> \n","protected":false},"excerpt":{"rendered":"<p>Not\u00edcias<\/p>\n","protected":false},"author":1,"featured_media":0,"parent":0,"menu_order":0,"comment_status":"closed","ping_status":"closed","template":"","meta":{"footnotes":""},"class_list":["post-18","page","type-page","status-publish","hentry"],"yoast_head":"<!-- This site is optimized with the Yoast SEO plugin v26.3 - https:\/\/yoast.com\/wordpress\/plugins\/seo\/ -->\n<title>Not\u00edcias - Hospital Nossa Senhora do Ros\u00e1rio - Resende Costa<\/title>\n<meta name=\"robots\" content=\"index, follow, max-snippet:-1, max-image-preview:large, max-video-preview:-1\" \/>\n<link rel=\"canonical\" href=\"https:\/\/visiteprados.com.br\/hospital\/noticias\/\" \/>\n<meta property=\"og:locale\" content=\"pt_BR\" \/>\n<meta property=\"og:type\" content=\"article\" \/>\n<meta property=\"og:title\" content=\"Not\u00edcias - Hospital Nossa Senhora do Ros\u00e1rio - Resende Costa\" \/>\n<meta property=\"og:description\" content=\"Not\u00edcias\" \/>\n<meta property=\"og:url\" content=\"https:\/\/visiteprados.com.br\/hospital\/noticias\/\" \/>\n<meta property=\"og:site_name\" content=\"Hospital Nossa Senhora do Ros\u00e1rio - Resende Costa\" \/>\n<meta property=\"article:publisher\" content=\"https:\/\/www.instagram.com\/hospital_rc\/\" \/>\n<meta property=\"article:modified_time\" content=\"2026-03-31T17:08:36+00:00\" \/>\n<meta name=\"twitter:card\" content=\"summary_large_image\" \/>\n<meta name=\"twitter:label1\" content=\"Est. tempo de leitura\" \/>\n\t<meta name=\"twitter:data1\" content=\"2 minutos\" \/>\n<script type=\"application\/ld+json\" class=\"yoast-schema-graph\">{\"@context\":\"https:\/\/schema.org\",\"@graph\":[{\"@type\":\"WebPage\",\"@id\":\"https:\/\/visiteprados.com.br\/hospital\/noticias\/\",\"url\":\"https:\/\/visiteprados.com.br\/hospital\/noticias\/\",\"name\":\"Not\u00edcias - Hospital Nossa Senhora do Ros\u00e1rio - Resende Costa\",\"isPartOf\":{\"@id\":\"https:\/\/visiteprados.com.br\/hospital\/#website\"},\"datePublished\":\"2025-11-12T19:56:04+00:00\",\"dateModified\":\"2026-03-31T17:08:36+00:00\",\"breadcrumb\":{\"@id\":\"https:\/\/visiteprados.com.br\/hospital\/noticias\/#breadcrumb\"},\"inLanguage\":\"pt-BR\",\"potentialAction\":[{\"@type\":\"ReadAction\",\"target\":[\"https:\/\/visiteprados.com.br\/hospital\/noticias\/\"]}]},{\"@type\":\"BreadcrumbList\",\"@id\":\"https:\/\/visiteprados.com.br\/hospital\/noticias\/#breadcrumb\",\"itemListElement\":[{\"@type\":\"ListItem\",\"position\":1,\"name\":\"In\u00edcio\",\"item\":\"https:\/\/visiteprados.com.br\/hospital\/\"},{\"@type\":\"ListItem\",\"position\":2,\"name\":\"Not\u00edcias\"}]},{\"@type\":\"WebSite\",\"@id\":\"https:\/\/visiteprados.com.br\/hospital\/#website\",\"url\":\"https:\/\/visiteprados.com.br\/hospital\/\",\"name\":\"Hospital Nossa Senhora do Ros\u00e1rio - Resende Costa\",\"description\":\"\",\"publisher\":{\"@id\":\"https:\/\/visiteprados.com.br\/hospital\/#organization\"},\"potentialAction\":[{\"@type\":\"SearchAction\",\"target\":{\"@type\":\"EntryPoint\",\"urlTemplate\":\"https:\/\/visiteprados.com.br\/hospital\/?s={search_term_string}\"},\"query-input\":{\"@type\":\"PropertyValueSpecification\",\"valueRequired\":true,\"valueName\":\"search_term_string\"}}],\"inLanguage\":\"pt-BR\"},{\"@type\":\"Organization\",\"@id\":\"https:\/\/visiteprados.com.br\/hospital\/#organization\",\"name\":\"Hospital Nossa Senhora do Ros\u00e1rio - Resende Costa\",\"url\":\"https:\/\/visiteprados.com.br\/hospital\/\",\"logo\":{\"@type\":\"ImageObject\",\"inLanguage\":\"pt-BR\",\"@id\":\"https:\/\/visiteprados.com.br\/hospital\/#\/schema\/logo\/image\/\",\"url\":\"https:\/\/visiteprados.com.br\/hospital\/wp-content\/uploads\/2025\/11\/Frame-2.png\",\"contentUrl\":\"https:\/\/visiteprados.com.br\/hospital\/wp-content\/uploads\/2025\/11\/Frame-2.png\",\"width\":357,\"height\":123,\"caption\":\"Hospital Nossa Senhora do Ros\u00e1rio - Resende Costa\"},\"image\":{\"@id\":\"https:\/\/visiteprados.com.br\/hospital\/#\/schema\/logo\/image\/\"},\"sameAs\":[\"https:\/\/www.instagram.com\/hospital_rc\/\"]}]}<\/script>\n<!-- \/ Yoast SEO plugin. -->","yoast_head_json":{"title":"Not\u00edcias - Hospital Nossa Senhora do Ros\u00e1rio - Resende Costa","robots":{"index":"index","follow":"follow","max-snippet":"max-snippet:-1","max-image-preview":"max-image-preview:large","max-video-preview":"max-video-preview:-1"},"canonical":"https:\/\/visiteprados.com.br\/hospital\/noticias\/","og_locale":"pt_BR","og_type":"article","og_title":"Not\u00edcias - Hospital Nossa Senhora do Ros\u00e1rio - Resende Costa","og_description":"Not\u00edcias","og_url":"https:\/\/visiteprados.com.br\/hospital\/noticias\/","og_site_name":"Hospital Nossa Senhora do Ros\u00e1rio - Resende Costa","article_publisher":"https:\/\/www.instagram.com\/hospital_rc\/","article_modified_time":"2026-03-31T17:08:36+00:00","twitter_card":"summary_large_image","twitter_misc":{"Est. tempo de leitura":"2 minutos"},"schema":{"@context":"https:\/\/schema.org","@graph":[{"@type":"WebPage","@id":"https:\/\/visiteprados.com.br\/hospital\/noticias\/","url":"https:\/\/visiteprados.com.br\/hospital\/noticias\/","name":"Not\u00edcias - Hospital Nossa Senhora do Ros\u00e1rio - Resende Costa","isPartOf":{"@id":"https:\/\/visiteprados.com.br\/hospital\/#website"},"datePublished":"2025-11-12T19:56:04+00:00","dateModified":"2026-03-31T17:08:36+00:00","breadcrumb":{"@id":"https:\/\/visiteprados.com.br\/hospital\/noticias\/#breadcrumb"},"inLanguage":"pt-BR","potentialAction":[{"@type":"ReadAction","target":["https:\/\/visiteprados.com.br\/hospital\/noticias\/"]}]},{"@type":"BreadcrumbList","@id":"https:\/\/visiteprados.com.br\/hospital\/noticias\/#breadcrumb","itemListElement":[{"@type":"ListItem","position":1,"name":"In\u00edcio","item":"https:\/\/visiteprados.com.br\/hospital\/"},{"@type":"ListItem","position":2,"name":"Not\u00edcias"}]},{"@type":"WebSite","@id":"https:\/\/visiteprados.com.br\/hospital\/#website","url":"https:\/\/visiteprados.com.br\/hospital\/","name":"Hospital Nossa Senhora do Ros\u00e1rio - Resende Costa","description":"","publisher":{"@id":"https:\/\/visiteprados.com.br\/hospital\/#organization"},"potentialAction":[{"@type":"SearchAction","target":{"@type":"EntryPoint","urlTemplate":"https:\/\/visiteprados.com.br\/hospital\/?s={search_term_string}"},"query-input":{"@type":"PropertyValueSpecification","valueRequired":true,"valueName":"search_term_string"}}],"inLanguage":"pt-BR"},{"@type":"Organization","@id":"https:\/\/visiteprados.com.br\/hospital\/#organization","name":"Hospital Nossa Senhora do Ros\u00e1rio - Resende Costa","url":"https:\/\/visiteprados.com.br\/hospital\/","logo":{"@type":"ImageObject","inLanguage":"pt-BR","@id":"https:\/\/visiteprados.com.br\/hospital\/#\/schema\/logo\/image\/","url":"https:\/\/visiteprados.com.br\/hospital\/wp-content\/uploads\/2025\/11\/Frame-2.png","contentUrl":"https:\/\/visiteprados.com.br\/hospital\/wp-content\/uploads\/2025\/11\/Frame-2.png","width":357,"height":123,"caption":"Hospital Nossa Senhora do Ros\u00e1rio - Resende Costa"},"image":{"@id":"https:\/\/visiteprados.com.br\/hospital\/#\/schema\/logo\/image\/"},"sameAs":["https:\/\/www.instagram.com\/hospital_rc\/"]}]}},"_links":{"self":[{"href":"https:\/\/visiteprados.com.br\/hospital\/wp-json\/wp\/v2\/pages\/18","targetHints":{"allow":["GET"]}}],"collection":[{"href":"https:\/\/visiteprados.com.br\/hospital\/wp-json\/wp\/v2\/pages"}],"about":[{"href":"https:\/\/visiteprados.com.br\/hospital\/wp-json\/wp\/v2\/types\/page"}],"author":[{"embeddable":true,"href":"https:\/\/visiteprados.com.br\/hospital\/wp-json\/wp\/v2\/users\/1"}],"replies":[{"embeddable":true,"href":"https:\/\/visiteprados.com.br\/hospital\/wp-json\/wp\/v2\/comments?post=18"}],"version-history":[{"count":0,"href":"https:\/\/visiteprados.com.br\/hospital\/wp-json\/wp\/v2\/pages\/18\/revisions"}],"wp:attachment":[{"href":"https:\/\/visiteprados.com.br\/hospital\/wp-json\/wp\/v2\/media?parent=18"}],"curies":[{"name":"wp","href":"https:\/\/api.w.org\/{rel}","templated":true}]}}